[INFO] fetching crate actix_web_metrics_mw 0.2.0...
[INFO] checking actix_web_metrics_mw-0.2.0 against try#72f88fc4e9458f89516a0b8b0868f3718aec5b47 for pr-74989
[INFO] extracting crate actix_web_metrics_mw 0.2.0 into /workspace/builds/worker-13/source
[INFO] validating manifest of crates.io crate actix_web_metrics_mw 0.2.0 on toolchain 72f88fc4e9458f89516a0b8b0868f3718aec5b47
[INFO] running `Command { std: "/workspace/cargo-home/bin/cargo" "+72f88fc4e9458f89516a0b8b0868f3718aec5b47" "read-manifest" "--manifest-path" "Cargo.toml", kill_on_drop: false }`
[INFO] started tweaking crates.io crate actix_web_metrics_mw 0.2.0
[INFO] removed 0 missing examples
[INFO] finished tweaking crates.io crate actix_web_metrics_mw 0.2.0
[INFO] tweaked toml for crates.io crate actix_web_metrics_mw 0.2.0 written to /workspace/builds/worker-13/source/Cargo.toml
[INFO] crate crates.io crate actix_web_metrics_mw 0.2.0 already has a lockfile, it will not be regenerated
[INFO] running `Command { std: "/workspace/cargo-home/bin/cargo" "+72f88fc4e9458f89516a0b8b0868f3718aec5b47" "fetch" "--locked" "--manifest-path" "Cargo.toml", kill_on_drop: false }`
[INFO] [stderr]  Downloading crates ...
[INFO] [stderr]   Downloaded metrics-core v0.5.2
[INFO] [stderr]   Downloaded metrics-observer-yaml v0.1.1
[INFO] [stderr]   Downloaded metrics-observer-json v0.1.1
[INFO] [stderr]   Downloaded async-trait v0.1.21
[INFO] [stderr]   Downloaded metrics v0.12.1
[INFO] [stderr]   Downloaded quanta v0.3.1
[INFO] [stderr]   Downloaded hdrhistogram v6.3.4
[INFO] [stderr]   Downloaded metrics-exporter-log v0.3.0
[INFO] [stderr]   Downloaded metrics-exporter-http v0.2.0
[INFO] [stderr]   Downloaded metrics-observer-prometheus v0.1.1
[INFO] [stderr]   Downloaded metrics-util v0.3.0
[INFO] [stderr]   Downloaded actix-router v0.2.0
[INFO] [stderr]   Downloaded metrics-runtime v0.12.1
[INFO] [stderr]   Downloaded actix-web v2.0.0-rc
[INFO] [stderr]   Downloaded actix-server v1.0.0
[INFO] running `Command { std: "docker" "create" "-v" "/var/lib/crater-agent-workspace/builds/worker-13/target:/opt/rustwide/target:rw,Z" "-v" "/var/lib/crater-agent-workspace/builds/worker-13/source:/opt/rustwide/workdir:ro,Z" "-v" "/var/lib/crater-agent-workspace/cargo-home:/opt/rustwide/cargo-home:ro,Z" "-v" "/var/lib/crater-agent-workspace/rustup-home:/opt/rustwide/rustup-home:ro,Z" "-e" "SOURCE_DIR=/opt/rustwide/workdir" "-e" "CARGO_TARGET_DIR=/opt/rustwide/target" "-e" "CARGO_HOME=/opt/rustwide/cargo-home" "-e" "RUSTUP_HOME=/opt/rustwide/rustup-home" "-w" "/opt/rustwide/workdir" "-m" "1610612736" "--user" "0:0" "--network" "none" "rustops/crates-build-env@sha256:d92eaeed33fa75130ca1ee6c8a01d1ffb62bac859dfdfb3450e3e5d1c0146529" "/opt/rustwide/cargo-home/bin/cargo" "+72f88fc4e9458f89516a0b8b0868f3718aec5b47" "metadata" "--no-deps" "--format-version=1", kill_on_drop: false }`
[INFO] [stdout] 5a923c32229d136c58defedd01891813897887f41eb87767926b7f778ce689ab
[INFO] [stderr] WARNING: Your kernel does not support swap limit capabilities or the cgroup is not mounted. Memory limited without swap.
[INFO] running `Command { std: "docker" "start" "-a" "5a923c32229d136c58defedd01891813897887f41eb87767926b7f778ce689ab", kill_on_drop: false }`
[INFO] running `Command { std: "docker" "inspect" "5a923c32229d136c58defedd01891813897887f41eb87767926b7f778ce689ab", kill_on_drop: false }`
[INFO] running `Command { std: "docker" "rm" "-f" "5a923c32229d136c58defedd01891813897887f41eb87767926b7f778ce689ab", kill_on_drop: false }`
[INFO] [stdout] 5a923c32229d136c58defedd01891813897887f41eb87767926b7f778ce689ab
[INFO] running `Command { std: "docker" "create" "-v" "/var/lib/crater-agent-workspace/builds/worker-13/target:/opt/rustwide/target:rw,Z" "-v" "/var/lib/crater-agent-workspace/builds/worker-13/source:/opt/rustwide/workdir:ro,Z" "-v" "/var/lib/crater-agent-workspace/cargo-home:/opt/rustwide/cargo-home:ro,Z" "-v" "/var/lib/crater-agent-workspace/rustup-home:/opt/rustwide/rustup-home:ro,Z" "-e" "SOURCE_DIR=/opt/rustwide/workdir" "-e" "CARGO_TARGET_DIR=/opt/rustwide/target" "-e" "CARGO_INCREMENTAL=0" "-e" "RUST_BACKTRACE=full" "-e" "RUSTFLAGS=--cap-lints=forbid" "-e" "CARGO_HOME=/opt/rustwide/cargo-home" "-e" "RUSTUP_HOME=/opt/rustwide/rustup-home" "-w" "/opt/rustwide/workdir" "-m" "1610612736" "--user" "0:0" "--network" "none" "rustops/crates-build-env@sha256:d92eaeed33fa75130ca1ee6c8a01d1ffb62bac859dfdfb3450e3e5d1c0146529" "/opt/rustwide/cargo-home/bin/cargo" "+72f88fc4e9458f89516a0b8b0868f3718aec5b47" "check" "--frozen" "--all" "--all-targets" "--message-format=json", kill_on_drop: false }`
[INFO] [stdout] 392995daf3d73d6050dcbd972d0b05006467df932ebdcb2ea956d0fc1b4c2835
[INFO] [stderr] WARNING: Your kernel does not support swap limit capabilities or the cgroup is not mounted. Memory limited without swap.
[INFO] running `Command { std: "docker" "start" "-a" "392995daf3d73d6050dcbd972d0b05006467df932ebdcb2ea956d0fc1b4c2835", kill_on_drop: false }`
[INFO] [stderr]     Blocking waiting for file lock on package cache
[INFO] [stderr]    Compiling syn v1.0.11
[INFO] [stderr]    Compiling semver-parser v0.7.0
[INFO] [stderr]     Checking futures v0.1.28
[INFO] [stderr]     Checking rand_core v0.4.2
[INFO] [stderr]     Checking arc-swap v0.4.2
[INFO] [stderr]     Checking pin-project-lite v0.1.1
[INFO] [stderr]    Compiling cc v1.0.40
[INFO] [stderr]    Compiling serde v1.0.99
[INFO] [stderr]    Compiling proc-macro2 v0.4.30
[INFO] [stderr]    Compiling unicode-xid v0.1.0
[INFO] [stderr]    Compiling getrandom v0.1.10
[INFO] [stderr]    Compiling syn v0.15.44
[INFO] [stderr]     Checking ppv-lite86 v0.2.5
[INFO] [stderr]     Checking scopeguard v0.3.3
[INFO] [stderr]     Checking metrics-core v0.5.2
[INFO] [stderr]     Checking quick-error v1.2.2
[INFO] [stderr]    Compiling typenum v1.10.0
[INFO] [stderr]    Compiling encoding_rs v0.8.17
[INFO] [stderr]    Compiling metrics v0.12.1
[INFO] [stderr]     Checking sha1 v0.6.0
[INFO] [stderr]     Checking arc-swap v0.3.11
[INFO] [stderr]     Checking json v0.12.0
[INFO] [stderr]    Compiling rand_pcg v0.1.2
[INFO] [stderr]    Compiling rand_chacha v0.1.1
[INFO] [stderr]    Compiling num-traits v0.2.8
[INFO] [stderr]    Compiling rand v0.6.5
[INFO] [stderr]    Compiling indexmap v1.3.0
[INFO] [stderr]    Compiling num-integer v0.1.41
[INFO] [stderr]     Checking lock_api v0.3.1
[INFO] [stderr]     Checking thread_local v0.3.6
[INFO] [stderr]     Checking crossbeam-utils v0.6.6
[INFO] [stderr]     Checking bytestring v0.1.2
[INFO] [stderr]     Checking yaml-rust v0.4.3
[INFO] [stderr]    Compiling unicase v2.4.0
[INFO] [stderr]     Checking miniz_oxide v0.3.5
[INFO] [stderr]     Checking rand_core v0.3.1
[INFO] [stderr]     Checking rand_jitter v0.1.4
[INFO] [stderr]    Compiling semver v0.9.0
[INFO] [stderr]     Checking log v0.4.8
[INFO] [stderr]     Checking idna v0.2.0
[INFO] [stderr]     Checking lock_api v0.1.5
[INFO] [stderr]     Checking rand_hc v0.1.0
[INFO] [stderr]     Checking rand_xorshift v0.1.1
[INFO] [stderr]     Checking rand_isaac v0.1.1
[INFO] [stderr]     Checking num_cpus v1.11.1
[INFO] [stderr]     Checking signal-hook-registry v1.1.1
[INFO] [stderr]     Checking rand_os v0.1.3
[INFO] [stderr]     Checking quanta v0.3.1
[INFO] [stderr]     Checking c2-chacha v0.2.2
[INFO] [stderr]     Checking regex v1.3.1
[INFO] [stderr]     Checking bytes v0.4.12
[INFO] [stderr]     Checking mio v0.6.21
[INFO] [stderr]     Checking parking_lot v0.10.0
[INFO] [stderr]    Compiling rustc_version v0.2.3
[INFO] [stderr]     Checking crossbeam-queue v0.1.2
[INFO] [stderr]     Checking crossbeam-channel v0.3.9
[INFO] [stderr]     Checking resolv-conf v0.6.2
[INFO] [stderr]     Checking threadpool v1.7.1
[INFO] [stderr]     Checking rand_core v0.5.0
[INFO] [stderr]     Checking flate2 v1.0.13
[INFO] [stderr]     Checking tokio-executor v0.1.8
[INFO] [stderr]     Checking tokio-sync v0.1.6
[INFO] [stderr]     Checking futures-cpupool v0.1.8
[INFO] [stderr]     Checking want v0.2.0
[INFO] [stderr]     Checking url v2.1.0
[INFO] [stderr]     Checking rand_chacha v0.2.1
[INFO] [stderr]     Checking tokio-io v0.1.12
[INFO] [stderr]     Checking http v0.1.18
[INFO] [stderr]     Checking string v0.2.1
[INFO] [stderr]     Checking tokio-buf v0.1.1
[INFO] [stderr]    Compiling memoffset v0.5.1
[INFO] [stderr]    Compiling parking_lot_core v0.4.0
[INFO] [stderr]    Compiling hyper v0.12.33
[INFO] [stderr]    Compiling parking_lot_core v0.6.2
[INFO] [stderr]    Compiling parking_lot v0.9.0
[INFO] [stderr]    Compiling im v12.3.4
[INFO] [stderr]     Checking mime v0.3.13
[INFO] [stderr]    Compiling quote v0.6.13
[INFO] [stderr]     Checking tokio-timer v0.2.11
[INFO] [stderr]     Checking tokio-current-thread v0.1.6
[INFO] [stderr]     Checking rand v0.7.0
[INFO] [stderr]     Checking mio-uds v0.6.7
[INFO] [stderr]     Checking cadence v0.18.0
[INFO] [stderr]     Checking hdrhistogram v6.3.4
[INFO] [stderr]     Checking sized-chunks v0.1.3
[INFO] [stderr]    Compiling backtrace-sys v0.1.31
[INFO] [stderr]    Compiling brotli-sys v0.3.2
[INFO] [stderr]     Checking tokio v0.2.6
[INFO] [stderr]     Checking crossbeam-epoch v0.7.2
[INFO] [stderr]     Checking metrics-exporter-log v0.3.0
[INFO] [stderr]     Checking chrono v0.4.7
[INFO] [stderr]     Checking parking_lot v0.7.1
[INFO] [stderr]     Checking crossbeam-deque v0.7.1
[INFO] [stderr]     Checking tokio-threadpool v0.1.15
[INFO] [stderr]     Checking tokio-reactor v0.1.9
[INFO] [stderr]     Checking tokio-tcp v0.1.3
[INFO] [stderr]     Checking backtrace v0.3.34
[INFO] [stderr]     Checking tokio v0.1.22
[INFO] [stderr]     Checking http-body v0.1.0
[INFO] [stderr]     Checking h2 v0.1.26
[INFO] [stderr]     Checking tokio-util v0.2.0
[INFO] [stderr]     Checking actix-codec v0.2.0
[INFO] [stderr]    Compiling synstructure v0.10.2
[INFO] [stderr]    Compiling failure_derive v0.1.5
[INFO] [stderr]     Checking brotli2 v0.3.2
[INFO] [stderr]     Checking failure v0.1.5
[INFO] [stderr]     Checking metrics-exporter-http v0.2.0
[INFO] [stderr]    Compiling proc-macro-hack v0.5.11
[INFO] [stderr]    Compiling serde_derive v1.0.99
[INFO] [stderr]    Compiling pin-project-internal v0.4.6
[INFO] [stderr]    Compiling derive_more v0.99.2
[INFO] [stderr]    Compiling actix-macros v0.1.1
[INFO] [stderr]    Compiling async-trait v0.1.21
[INFO] [stderr]    Compiling enum-as-inner v0.3.0
[INFO] [stderr]    Compiling actix-web-codegen v0.2.0
[INFO] [stderr]    Compiling futures-macro v0.3.1
[INFO] [stderr]     Checking pin-project v0.4.6
[INFO] [stderr]     Checking futures-util v0.3.1
[INFO] [stderr]     Checking actix-threadpool v0.3.1
[INFO] [stderr]     Checking futures-executor v0.3.1
[INFO] [stderr]     Checking actix-service v1.0.1
[INFO] [stderr]     Checking h2 v0.2.1
[INFO] [stderr]     Checking futures v0.3.1
[INFO] [stderr]     Checking actix-rt v1.0.0
[INFO] [stderr]     Checking trust-dns-proto v0.18.0-alpha.2
[INFO] [stderr]     Checking actix-utils v1.0.4
[INFO] [stderr]     Checking actix-server v1.0.0
[INFO] [stderr]     Checking actix-tls v1.0.0
[INFO] [stderr]     Checking actix-testing v1.0.0
[INFO] [stderr]     Checking trust-dns-resolver v0.18.0-alpha.2
[INFO] [stderr]     Checking actix-connect v1.0.1
[INFO] [stderr]     Checking serde_json v1.0.40
[INFO] [stderr]     Checking metrics-util v0.3.0
[INFO] [stderr]     Checking serde_urlencoded v0.6.1
[INFO] [stderr]     Checking serde_yaml v0.8.9
[INFO] [stderr]     Checking actix-router v0.2.0
[INFO] [stderr]     Checking metrics-observer-prometheus v0.1.1
[INFO] [stderr]     Checking metrics-observer-yaml v0.1.1
[INFO] [stderr]     Checking actix-http v1.0.1
[INFO] [stderr]     Checking metrics-observer-json v0.1.1
[INFO] [stderr]     Checking metrics-runtime v0.12.1
[INFO] [stderr]     Checking awc v1.0.1
[INFO] [stderr]     Checking actix-web v2.0.0-rc
[INFO] [stderr]     Checking actix_web_metrics_mw v0.2.0 (/opt/rustwide/workdir)
[INFO] [stdout] warning: unused import: `std::any::Any`
[INFO] [stdout]    --> src/lib.rs:287:9
[INFO] [stdout]     |
[INFO] [stdout] 287 |     use std::any::Any;
[INFO] [stdout]     |         ^^^^^^^^^^^^^
[INFO] [stdout]     |
[INFO] [stdout]     = note: `#[warn(unused_imports)]` on by default
[INFO] [stdout] 
[INFO] [stdout] 
[INFO] [stdout] error[E0277]: the trait bound `impl futures::Future: actix_service::Service` is not satisfied
[INFO] [stdout]    --> src/lib.rs:304:19
[INFO] [stdout]     |
[INFO] [stdout] 304 |         let res = call_service(
[INFO] [stdout]     |                   ^^^^^^^^^^^^ the trait `actix_service::Service` is not implemented for `impl futures::Future`
[INFO] [stdout]     | 
[INFO] [stdout]    ::: /opt/rustwide/cargo-home/registry/src/github.com-1ecc6299db9ec823/actix-web-2.0.0-rc/src/test.rs:121:8
[INFO] [stdout]     |
[INFO] [stdout] 121 |     S: Service<Request = R, Response = ServiceResponse<B>, Error = E>,
[INFO] [stdout]     |        -------------------------------------------------------------- required by this bound in `call_service`
[INFO] [stdout] 
[INFO] [stdout] 
[INFO] [stdout] error[E0277]: the trait bound `impl futures::Future: actix_service::Service` is not satisfied
[INFO] [stdout]    --> src/lib.rs:304:19
[INFO] [stdout]     |
[INFO] [stdout] 304 |           let res = call_service(
[INFO] [stdout]     |  ___________________^
[INFO] [stdout] 305 | |             &mut app,
[INFO] [stdout] 306 | |             TestRequest::with_uri("/health_check").to_request(),
[INFO] [stdout] 307 | |         );
[INFO] [stdout]     | |_________^ the trait `actix_service::Service` is not implemented for `impl futures::Future`
[INFO] [stdout] 
[INFO] [stdout] 
[INFO] [stdout] error[E0599]: no method named `status` found for opaque type `impl futures::Future` in the current scope
[INFO] [stdout]    --> src/lib.rs:308:21
[INFO] [stdout]     |
[INFO] [stdout] 308 |         assert!(res.status().is_success());
[INFO] [stdout]     |                     ^^^^^^ method not found in `impl futures::Future`
[INFO] [stdout] 
[INFO] [stdout] 
[INFO] [stdout] error[E0308]: mismatched types
[INFO] [stdout]     | 
[INFO] [stdout]    ::: /opt/rustwide/cargo-home/registry/src/github.com-1ecc6299db9ec823/actix-web-2.0.0-rc/src/test.rs:81:6
[INFO] [stdout]     |
[INFO] [stdout] 81  |   ) -> impl Service<Request = Request, Response = ServiceResponse<B>, Error = E>
[INFO] [stdout]     |        ------------------------------------------------------------------------- the `Output` of this `async fn`'s one of the found opaque types
[INFO] [stdout] ...
[INFO] [stdout] 119 |   pub async fn call_service<S, R, B, E>(app: &mut S, req: R) -> S::Response
[INFO] [stdout]     |                                                                 ----------- the `Output` of this `async fn`'s one of the found opaque types
[INFO] [stdout]    --> src/lib.rs:309:30
[INFO] [stdout]     |
[INFO] [stdout] 309 |           assert_eq!(read_body(res), "");
[INFO] [stdout]     |                                ^^^ expected struct `ServiceResponse`, found opaque type
[INFO] [stdout]     | 
[INFO] [stdout]    ::: /opt/rustwide/cargo-home/registry/src/github.com-1ecc6299db9ec823/actix-web-2.0.0-rc/src/app.rs:355:9
[INFO] [stdout]     |
[INFO] [stdout] 355 | /         impl ServiceFactory<
[INFO] [stdout] 356 | |             Config = (),
[INFO] [stdout] 357 | |             Request = ServiceRequest,
[INFO] [stdout] 358 | |             Response = ServiceResponse<B1>,
[INFO] [stdout] 359 | |             Error = Error,
[INFO] [stdout] 360 | |             InitError = (),
[INFO] [stdout] 361 | |         >,
[INFO] [stdout]     | |_________- one of the found opaque types
[INFO] [stdout]     |
[INFO] [stdout]     = note:   expected struct `ServiceResponse<_>`
[INFO] [stdout]             found opaque type `impl futures::Future`
[INFO] [stdout] 
[INFO] [stdout] 
[INFO] [stdout] error[E0369]: binary operation `==` cannot be applied to type `impl futures::Future`
[INFO] [stdout]    --> src/lib.rs:309:9
[INFO] [stdout]     |
[INFO] [stdout] 309 |         assert_eq!(read_body(res), "");
[INFO] [stdout]     |         ^^^^^^^^^^^^^^^^^^^^^^^^^^^^^^^
[INFO] [stdout]     |         |
[INFO] [stdout]     |         impl futures::Future
[INFO] [stdout]     |         &str
[INFO] [stdout]     |
[INFO] [stdout]     = note: this error originates in a macro (in Nightly builds, run with -Z macro-backtrace for more info)
[INFO] [stdout] 
[INFO] [stdout] 
[INFO] [stdout] error[E0277]: `impl futures::Future` doesn't implement `std::fmt::Debug`
[INFO] [stdout]    --> src/lib.rs:309:9
[INFO] [stdout]     |
[INFO] [stdout] 309 |         assert_eq!(read_body(res), "");
[INFO] [stdout]     |         ^^^^^^^^^^^^^^^^^^^^^^^^^^^^^^^ `impl futures::Future` cannot be formatted using `{:?}` because it doesn't implement `std::fmt::Debug`
[INFO] [stdout]     |
[INFO] [stdout]     = help: the trait `std::fmt::Debug` is not implemented for `impl futures::Future`
[INFO] [stdout]     = note: required because of the requirements on the impl of `std::fmt::Debug` for `&impl futures::Future`
[INFO] [stdout]     = note: required by `std::fmt::Debug::fmt`
[INFO] [stdout]     = note: this error originates in a macro (in Nightly builds, run with -Z macro-backtrace for more info)
[INFO] [stdout] 
[INFO] [stdout] 
[INFO] [stdout] error[E0277]: the trait bound `impl futures::Future: actix_service::Service` is not satisfied
[INFO] [stdout]    --> src/lib.rs:311:19
[INFO] [stdout]     |
[INFO] [stdout] 311 |         let res = read_response(&mut app, TestRequest::with_uri("/metrics").to_request());
[INFO] [stdout]     |                   ^^^^^^^^^^^^^ the trait `actix_service::Service` is not implemented for `impl futures::Future`
[INFO] [stdout]     | 
[INFO] [stdout]    ::: /opt/rustwide/cargo-home/registry/src/github.com-1ecc6299db9ec823/actix-web-2.0.0-rc/src/test.rs:154:8
[INFO] [stdout]     |
[INFO] [stdout] 154 |     S: Service<Request = Request, Response = ServiceResponse<B>, Error = Error>,
[INFO] [stdout]     |        ------------------------------------------------------------------------ required by this bound in `read_response`
[INFO] [stdout] 
[INFO] [stdout] 
[INFO] [stdout] error[E0599]: no method named `to_vec` found for opaque type `impl futures::Future` in the current scope
[INFO] [stdout]    --> src/lib.rs:312:42
[INFO] [stdout]     |
[INFO] [stdout] 312 |         let body = String::from_utf8(res.to_vec()).unwrap();
[INFO] [stdout]     |                                          ^^^^^^ method not found in `impl futures::Future`
[INFO] [stdout]     |
[INFO] [stdout] help: consider awaiting before this method call
[INFO] [stdout]     |
[INFO] [stdout] 312 |         let body = String::from_utf8(res.await.to_vec()).unwrap();
[INFO] [stdout]     |                                          ^^^^^^
[INFO] [stdout] 
[INFO] [stdout] 
[INFO] [stdout] warning: unused import: `futures::task::Spawn`
[INFO] [stdout]    --> src/lib.rs:286:9
[INFO] [stdout]     |
[INFO] [stdout] 286 |     use futures::task::Spawn;
[INFO] [stdout]     |         ^^^^^^^^^^^^^^^^^^^^
[INFO] [stdout] 
[INFO] [stdout] 
[INFO] [stdout] error: aborting due to 8 previous errors; 2 warnings emitted
[INFO] [stdout] 
[INFO] [stdout] 
[INFO] [stdout] Some errors have detailed explanations: E0277, E0308, E0369, E0599.
[INFO] [stdout] 
[INFO] [stdout] For more information about an error, try `rustc --explain E0277`.
[INFO] [stdout] 
[INFO] [stderr] error: could not compile `actix_web_metrics_mw`.
[INFO] [stderr] 
[INFO] [stderr] To learn more, run the command again with --verbose.
[INFO] [stderr] warning: build failed, waiting for other jobs to finish...
[INFO] [stderr] error: build failed
[INFO] running `Command { std: "docker" "inspect" "392995daf3d73d6050dcbd972d0b05006467df932ebdcb2ea956d0fc1b4c2835", kill_on_drop: false }`
[INFO] running `Command { std: "docker" "rm" "-f" "392995daf3d73d6050dcbd972d0b05006467df932ebdcb2ea956d0fc1b4c2835", kill_on_drop: false }`
[INFO] [stdout] 392995daf3d73d6050dcbd972d0b05006467df932ebdcb2ea956d0fc1b4c2835
